 7
-2464525
What is 14431404320 (base 5) in base 11?
aa53327
Convert 1200011100012 (base 3) to base 5.
211421044
Convert 106340 (base 8) to base 11.
25106
-6a157 (base 13) to base 7
-1434236
What is -65254243 (base 7) in base 13?
-12033a0
What is 1205250 (base 6) in base 5?
4012030
What is 3144302123 (base 5) in base 2?
11001010011110010100111
Convert -120232122 (base 4) to base 9.
-163826
-86084 (base 14) to base 7
-2516224
Convert -113033201 (base 4) to base 13.
-34442
Convert 18a1da5 (base 14) to base 3.
211222221001111
Convert -22030021 (base 4) to base 10.
-41737
Convert -45810 (base 12) to base 2.
-10110101001001100
4677925 (base 12) to base 8
63671555
Convert -1100101010001001001000 (base 2) to base 7.
-40130321
3cacb6 (base 15) to base 4
23021130012
What is 13a9212 (base 11) in base 13?
66662c
What is -20240001 (base 5) in base 15?
-33d51
What is 425060 (base 9) in base 14?
682c9
9953 (base 10) to base 9
14578
What is -30221004 (base 5) in base 13?
-861c9
What is 6a79a11 (base 11) in base 8?
57103754
What is 261795 (base 10) in base 3?
111022010010
21120201301 (base 4) to base 5
1112203021
-24d99c (base 14) to base 6
-43053114
Convert -905a99 (base 11) to base 16.
-163d18
36b96 (base 13) to base 8
304757
Convert -10531467 (base 10) to base 11.
-5a434a1
What is b4976a (base 13) in base 12?
14b5a1b
Convert -112210211111 (base 4) to base 13.
-12c22bb
What is 5346773 (base 8) in base 6?
50343403
Convert 32113132 (base 6) to base 12.
3957a8
What is -31220123 (base 4) in base 3?
-2211120222
Convert -111000011111000111 (base 2) to base 11.
-148914
Convert -73c43 (base 13) to base 16.
-32ed9
Convert -1011100111111000010 (base 2) to base 14.
-9cb2a
-101011102212 (base 3) to base 7
-1462166
What is -11241324 (base 5) in base 8?
-310472
Convert 2287f (base 16) to base 2.
100010100001111111
What is -836a937 (base 11) in base 4?
-320103000212
-214150 (base 7) to base 15
-b181
What is 210113030 (base 4) in base 3?
21120022022
d1a91 (base 16) to base 2
11010001101010010001
-10a711 (base 13) to base 3
-202001002122
What is -2102122134 (base 5) in base 15?
-5a8bce
What is -30001134 (base 5) in base 14?
-61692
-22c4a0 (base 14) to base 9
-2207306
Convert -2863778 (base 9) to base 14.
-2d0c41
Convert a1545 (base 11) to base 10.
148395
Convert -1f2fe (base 16) to base 15.
-27cb2
-60506303 (base 7) to base 13
-107046b
Convert 9e1d66 (base 16) to base 3.
201111110021201
What is -1282227 (base 10) in base 8?
-4710263
What is -6b4a24 (base 14) in base 8?
-15761230
947345 (base 10) to base 13
272279
What is -141251 (base 10) in base 16?
-227c3
Convert 430a949 (base 12) to base 9.
25820503
What is -10300031432 (base 5) in base 15?
-e6157c
What is 111102111222121 (base 3) in base 12?
2481381
-100010111011110100 (base 2) to base 10
-143092
What is -5217a (base 14) in base 8?
-602360
21001112203 (base 4) to base 12
960657
Convert 45655441 (base 7) to base 13.
a9c513
Convert 50c81b (base 14) to base 9.
5111117
Convert 2734400 (base 9) to base 16.
16e00c
Convert -120001000220 (base 3) to base 11.
-19242a
What is 1027383 (base 12) in base 3?
12201110012200
Convert 1020220021 (base 3) to base 10.
24712
-2a81d (base 16) to base 11
-1098a1
3200d (base 14) to base 9
203565
4311896 (base 10) to base 14
803568
What is -b9e9e (base 15) in base 9?
-1100065
Convert -3a0a11 (base 13) to base 4.
-11112011221
Convert 322013121 (base 5) to base 10.
1360411
Convert -2242011421 (base 5) to base 9.
-10418674
Convert 11011000001111001010 (base 2) to base 15.
127671
Convert -129850 (base 11) to base 8.
-615107
Convert 1415765 (base 8) to base 12.
173845
-4d5da (base 14) to base 7
-1422263
Convert 13400024 (base 5) to base 16.
2192a
What is -1595878 (base 12) in base 11?
-255389a
What is 262242 (base 8) in base 2?
10110010010100010
Convert -34b06 (base 13) to base 15.
-1d826
Convert b5e24 (base 16) to base 9.
1354843
What is 13325200 (base 7) in base 2?
100101101001001110110
Convert -100100101000011110110 (base 2) to base 4.
-10211003312
What is -10031013 (base 4) in base 14?
-63c3
What is 3659d4 (base 15) in base 3?
11220010212101
Convert -7108b (base 14) to base 10.
-271779
What is -12122200110 (base 3) in base 5?
-12030211
What is 68ba37 (base 12) in base 2?
110011010000000001011
-55607 (base 8) to base 12
-11687
-11011110100010111011001 (base 2) to base 14
-d7b801
-32130120210 (base 4) to base 10
-3786276
Convert -126002044 (base 7) to base 12.
-2876257
Convert -12211221112212 (base 3) to base 5.
-1243440412
a18450 (base 11) to base 13
453a62
Convert -101244042 (base 5) to base 8.
-1453442
What is 111200213031 (base 4) in base 5?
2420413410
Convert -164400 (base 10) to base 4.
-220020300
-3001b7 (base 14) to base 10
-1613829
-1016662 (base 7) to base 13
-4396c
-128995 (base 16) to base 6
-42012221
What is -78a22 (base 14) in base 5?
-33332404
Convert -3324434 (base 8) to base 7.
-10416042
-2335540 (base 6) to base 4
-131233110
-202061c (base 14) to base 2
-111001101111100101010010
What is -361010 (base 10) in base 5?
-43023020
Convert 83051 (base 9) to base 7.
315352
What is -265921 (base 10) in base 2?
-1000000111011000001
1041143113 (base 6) to base 7
164455266
Convert -81a3a (base 13) to base 3.
-102210211022
-403524 (base 6) to base 3
-1121211021
Convert -199390 (base 14) to base 7.
-10504040
What is 22321232 (base 4) in base 3?
2021020212
-405021 (base 6) to base 4
-13313011
Convert -7c61c1 (base 14) to base 15.
-58c0e4
What is -149a03 (base 13) in base 8?
-1736173
What is -100010011101000101001 (base 2) in base 15?
-1747bb
13015350 (base 6) to base 10
422418
-b9ea2 (base 15) to base 4
-2100023120
-20441 (base 5) to base 8
-2533
Convert 438263 (base 9) to base 2.
111111111100101010
Convert 116580 (base 14) to base 12.
247770
What is 15553101 (base 7) in base 6?
52201403
Convert 440142 (base 5) to base 10.
15047
Convert -2235563 (base 7) to base 3.
-112010111202
4564464 (base 9) to base 13
6834c4
Convert 77270 (base 9) to base 7.
302301
318560 (base 12) to base 2
10111110111000011000
What is -db307 (base 15) in base 8?
-2517174
What is -15471895 (base 10) in base 6?
-1311341051
1217806 (base 9) to base 13
1a2341
What is -74ad (base 14) in base 2?
-100111010110001
What is 1053263 (base 7) in base 15?
28b6b
-14579 (base 16) to base 5
-10131241
Convert 202211000200 (base 3) to base 2.
1100100000001110100
15c720 (base 13) to base 6
15335423
Convert 631be (base 15) to base 13.
b0084
-508782 (base 9) to base 13
-a7441
20220110112111 (base 3) to base 7
43124140
b9b3c8 (base 14) to base 3
102211201001001
Convert -88762a (base 12) to base 6.
-114300054
17b272a (base 12) to base 11
2888907
-73427 (base 14) to base 11
-17a924
Convert -10320221442 (base 5) to base 2.
-101010010110010100111001
Convert 1702859 (base 11) to base 7.
33446266
What is -1212121022101 (base 3) in base 10?
-996040
Convert -27c35 (base 14) to base 13.
-35a63
Convert 5277117 (base 9) to base 16.
2b20be
What is -162815 (base 11) in base 7?
-2101164
What is 221021221222 (base 3) in base 9?
837858
1111110111010011 (base 2) to base 10
64979
What is -221203000 (base 4) in base 2?
-101001100011000000
Convert -2ba28c (base 14) to base 13.
-415886
ce807 (base 16) to base 4
3032200013
What is 752375 (base 13) in base 4?
22132213211
Convert -45005304 (base 6) to base 9.
-2483564
Convert -5054315 (base 6) to base 16.
-3ac67
What is -2201442 (base 7) in base 2?
-1000001110010101001
What is -100100101000100010110000 (base 2) in base 15?
-c9a618
3243450 (base 6) to base 9
265513
Convert -124130242 (base 5) to base 8.
-2260057
a936b (base 12) to base 8
664303
-1225563 (base 7) to base 16
-26976
What is -887737 (base 9) in base 15?
-a7324
4b441c (base 13) to base 5
430340312
Convert 21aaab (base 12) to base 6.
15303135
-33100 (base 10) to base 4
-20011030
What is -11000000101100 (base 2) in base 10?
-12332
What is 4c08e (base 15) in base 4?
323112332
13662376 (base 8) to base 13
8499c8
Convert 11452063 (base 7) to base 2.
11111001010011100100
-101102020021000 (base 3) to base 5
-2404113421
Convert 179ca (base 14) to base 13.
21160
1100366 (base 7) to base 2
100000110111111011
Convert 44091 (base 10) to base 7.
242355
What is 3cb67 (base 16) in base 5?
30424204
-55490 (base 13) to base 10
-154583
What is -110220010200 (base 3) i